{"id":2,"date":"2026-02-25T15:46:00","date_gmt":"2026-02-25T14:46:00","guid":{"rendered":"http:\/\/serwer76856.lh.pl\/autoinstalator\/serwer76856.lh.pl\/wordpress152977\/?page_id=2"},"modified":"2026-02-28T23:36:15","modified_gmt":"2026-02-28T22:36:15","slug":"przykladowa-strona","status":"publish","type":"page","link":"https:\/\/rebelsoundradio.pl\/?page_id=2","title":{"rendered":"O nas"},"content":{"rendered":"\n<p class=\"has-text-align-center\">Nazywam si\u0119 <strong>Rysiek &#8222;Rabbit&#8221; Kr\u00f3likowski<\/strong> i to ja jestem sprawc\u0105 tej Rebelii \ud83d\ude09<\/p>\n\n\n\n<figure class=\"wp-block-image size-large\"><img loading=\"lazy\" decoding=\"async\" width=\"1024\" height=\"684\" src=\"https:\/\/rebelsoundradio.pl\/wp-content\/uploads\/2026\/02\/rys2-1024x684.png\" alt=\"\" class=\"wp-image-213\" srcset=\"https:\/\/rebelsoundradio.pl\/wp-content\/uploads\/2026\/02\/rys2-1024x684.png 1024w, https:\/\/rebelsoundradio.pl\/wp-content\/uploads\/2026\/02\/rys2-300x200.png 300w, https:\/\/rebelsoundradio.pl\/wp-content\/uploads\/2026\/02\/rys2-768x513.png 768w, https:\/\/rebelsoundradio.pl\/wp-content\/uploads\/2026\/02\/rys2.png 1080w\" sizes=\"auto, (max-width: 1024px) 100vw, 1024px\" \/><\/figure>\n\n\n\n<blockquote class=\"wp-block-quote is-layout-flow wp-block-quote-is-layout-flow\">\n<p>Prawie 40 lat w s\u0142u\u017cbie metalu \u2013 jako fan, muzyk i cz\u0142owiek pracuj\u0105cy w bran\u017cy.<br>To muzyka, kt\u00f3ra mnie ukszta\u0142towa\u0142a, da\u0142a energi\u0119, emocje i przestrze\u0144 do wyra\u017cania siebie.<\/p>\n\n\n\n<blockquote class=\"wp-block-quote is-layout-flow wp-block-quote-is-layout-flow\">\n<p>Zanim jednak metal na dobre zago\u015bci\u0142 w moim \u017cyciu, by\u0142a elektronika. I w\u0142a\u015bnie dlatego r\u00f3wnie\u017c ona znajdzie swoje miejsce na antenie. Bo muzyka to podr\u00f3\u017c \u2013 a ja chc\u0119 dzieli\u0107 si\u0119 z Wami ca\u0142ym jej spektrum.<\/p>\n<\/blockquote>\n<\/blockquote>\n\n\n\n<blockquote class=\"wp-block-quote is-layout-flow wp-block-quote-is-layout-flow\">\n<p>Marzenia s\u0105 po to, by je spe\u0142nia\u0107. Jednym z moich by\u0142o w\u0142asne radio.<br>Dlatego tu jestem \u2013 \u017ceby dzieli\u0107 si\u0119 z Wami tym, co naprawd\u0119 gra mi w sercu. <\/p>\n<\/blockquote>\n\n\n\n<p><\/p>\n","protected":false},"excerpt":{"rendered":"<p>Nazywam si\u0119 Rysiek &#8222;Rabbit&#8221; Kr\u00f3likowski i to ja jestem sprawc\u0105 tej Rebelii \ud83d\ude09 Marzenia s\u0105 po to, by je spe\u0142nia\u0107. Jednym z moich by\u0142o w\u0142asne radio.Dlatego tu jestem \u2013 \u017ceby dzieli\u0107 si\u0119 z Wami tym, co naprawd\u0119 gra mi w sercu.<\/p>\n","protected":false},"author":1,"featured_media":0,"parent":0,"menu_order":0,"comment_status":"closed","ping_status":"open","template":"","meta":{"footnotes":""},"class_list":["post-2","page","type-page","status-publish","hentry"],"_links":{"self":[{"href":"https:\/\/rebelsoundradio.pl\/index.php?rest_route=\/wp\/v2\/pages\/2","targetHints":{"allow":["GET"]}}],"collection":[{"href":"https:\/\/rebelsoundradio.pl\/index.php?rest_route=\/wp\/v2\/pages"}],"about":[{"href":"https:\/\/rebelsoundradio.pl\/index.php?rest_route=\/wp\/v2\/types\/page"}],"author":[{"embeddable":true,"href":"https:\/\/rebelsoundradio.pl\/index.php?rest_route=\/wp\/v2\/users\/1"}],"replies":[{"embeddable":true,"href":"https:\/\/rebelsoundradio.pl\/index.php?rest_route=%2Fwp%2Fv2%2Fcomments&post=2"}],"version-history":[{"count":4,"href":"https:\/\/rebelsoundradio.pl\/index.php?rest_route=\/wp\/v2\/pages\/2\/revisions"}],"predecessor-version":[{"id":219,"href":"https:\/\/rebelsoundradio.pl\/index.php?rest_route=\/wp\/v2\/pages\/2\/revisions\/219"}],"wp:attachment":[{"href":"https:\/\/rebelsoundradio.pl\/index.php?rest_route=%2Fwp%2Fv2%2Fmedia&parent=2"}],"curies":[{"name":"wp","href":"https:\/\/api.w.org\/{rel}","templated":true}]}}

<p class="has-text-align-center">Nazywam się <strong>Rysiek &#8222;Rabbit&#8221; Królikowski</strong> i to ja jestem sprawcą tej Rebelii 😉</p>



<figure class="wp-block-image size-large"><img loading="lazy" decoding="async" width="1024" height="684" src="https://rebelsoundradio.pl/wp-content/uploads/2026/02/rys2-1024x684.png" alt="" class="wp-image-213" srcset="https://rebelsoundradio.pl/wp-content/uploads/2026/02/rys2-1024x684.png 1024w, https://rebelsoundradio.pl/wp-content/uploads/2026/02/rys2-300x200.png 300w, https://rebelsoundradio.pl/wp-content/uploads/2026/02/rys2-768x513.png 768w, https://rebelsoundradio.pl/wp-content/uploads/2026/02/rys2.png 1080w" sizes="auto, (max-width: 1024px) 100vw, 1024px" /></figure>



<blockquote class="wp-block-quote is-layout-flow wp-block-quote-is-layout-flow">
<p>Prawie 40 lat w służbie metalu – jako fan, muzyk i człowiek pracujący w branży.<br>To muzyka, która mnie ukształtowała, dała energię, emocje i przestrzeń do wyrażania siebie.</p>



<blockquote class="wp-block-quote is-layout-flow wp-block-quote-is-layout-flow">
<p>Zanim jednak metal na dobre zagościł w moim życiu, była elektronika. I właśnie dlatego również ona znajdzie swoje miejsce na antenie. Bo muzyka to podróż – a ja chcę dzielić się z Wami całym jej spektrum.</p>
</blockquote>
</blockquote>



<blockquote class="wp-block-quote is-layout-flow wp-block-quote-is-layout-flow">
<p>Marzenia są po to, by je spełniać. Jednym z moich było własne radio.<br>Dlatego tu jestem – żeby dzielić się z Wami tym, co naprawdę gra mi w sercu. </p>
</blockquote>



<p></p>

<p>Nazywam się Rysiek &#8222;Rabbit&#8221; Królikowski i to ja jestem sprawcą tej Rebelii 😉 Marzenia są po to, by je spełniać. Jednym z moich było własne radio.Dlatego tu jestem – żeby dzielić się z Wami tym, co naprawdę gra mi w sercu.</p>
